et w(m) = -m + m**2 + 11 - 2*m + 4*m. Determine w(x).
11
Let a(s) = s**3 + 6*s**2 + 3*s - 2. Let p(j) = -5*j + 166. Let o be p(34). Give a(o).
18
Suppose 0 = c + 4 - 4. Let o(w) = -1 + c - 2 - w + 0*w. Calculate o(-3).
0
Suppose 0 = -4*k + 11 + 17. Let w(p) = 3*p**2 + 7*p + 12. Let t(m) = m**2 + 8*m + 2. Let f(s) = -2*t(s) + w(s). Calculate f(k).
-6
Let w(j) = 2369*j - 1183*j - 3 - 1185*j. Calculate w(1).
-2
Let p(o) = 20*o**2 + 20*o + 70. Let f(y) = 7*y**2 + 7*y + 24. Let i(g) = 17*f(g) - 6*p(g). Determine i(0).
-12
Let b(j) = -j**2 - 9*j - 6. Suppose -2*h - 10 + 20 = 0. Let t be (1 + -9)/4 - h. Calculate b(t).
8
Let z(h) = 105 + h - 205 + 110. Give z(-9).
1
Let q(d) = -15*d. Let b(n) = 16*n - 8. Let m be b(-1). Let l be 2/8 - 18/m. What is q(l)?
-15
Let t(z) = z**3 - 8*z**2 + 2*z - 5. Suppose -120 = -42*j + 27*j. Give t(j).
11
Let y be (-5)/20 + 99/(-36). Let i(b) = b**3 + 3*b**2 - b - 4. What is i(y)?
-1
Let t(j) be the first derivative of -j**2/2 + 3*j - 18. What is t(-3)?
6
Suppose -7*x + 59 + 11 = 0. Let p be (2/x)/((-3)/(-75)). Let s(r) = r**3 - 6*r**2 + 5*r - 3. Give s(p).
-3
Let u(d) = -d**3 + 6*d**2 - 5*d - 6. Let t be u(5). Let y be (-16)/(-24) - 20/t. Let r(w) = 5*w**3 + y*w - 2*w**2 - 2*w - 3*w**2 - 4*w**3. Determine r(2).
-8
Let g(c) = c**3 + 15*c**2 - 4*c - 16. Let m be g(-15). Let j = m + -39. Let z(s) = -s + 8. Give z(j).
3
Let g(o) = 3*o**2 - 9*o + 14. Let c(b) = -2*b**2 + 9*b - 14. Let j(m) = 4*c(m) + 3*g(m). Let x(l) = -l**3 - 8*l**2 - 4*l + 11. Let v be x(-7). Give j(v).
-4
Let i(t) be the first derivative of -t**3/3 - t**2/2 + 29*t - 70. Calculate i(-6).
-1
Let d(k) be the third derivative of -k**5/20 - k**4/24 - k**3/3 - 19*k**2. Let x = 6 + -1. Suppose 0 = x*b + 5 + 5. Give d(b).
-12
Let m be (-89)/4 - (-12)/48. Let o = m - -25. Let h(u) = 15*u. Let c(y) = -7*y. Let v(g) = -9*c(g) - 4*h(g). What is v(o)?
9
Let n(h) = 5*h**2 + 2*h + 3. Let a be (-150)/(-15) + 1*-11. Give n(a).
6
Let h(c) = -11*c - 105. Suppose -81*y + 386 - 1196 = 0. Calculate h(y).
5
Let m(q) = 5 + 4*q**2 + 0*q - 5 + 5*q - 5*q**2 + 5. Let u(n) = -7*n**3 + n. Let x(r) = -r**3 - 3*r**2 + r + 2. Let g be x(-3). Let h be u(g). What is m(h)?
-1
Let i(h) = 7*h**2 + 2*h + 2. Let c = -122 + 121. Determine i(c).
7
Let s(x) be the third derivative of -11*x**4/12 + x**3/6 - 738*x**2. What is s(-2)?
45
Let x(r) = r**3 + 13*r**2 + 12*r + 5. Let i = 223 + -235. Determine x(i).
5
Suppose 3*c - 3 = -4*t - 1, 2*c - t - 5 = 0. Let u(q) = -26*q - 16. Let d(z) = 7*z + 4*z - 6*z + 3. Let v(a) = 16*d(a) + 3*u(a). Give v(c).
4
Let i = 1410 + -1411. Let b(k) = -36*k**3 + 2*k + 2. Determine b(i).
36
Let z(m) be the third derivative of -1/12*m**4 + 0 + 1/6*m**3 + 0*m + 2*m**2. Determine z(5).
-9
Let n(g) be the second derivative of 7*g**3/6 + g**2/2 + 29*g. Let m be (-7)/((-105)/(-10))*6/4. Determine n(m).
-6
Let p(h) = h**2 + 4*h + 5. Suppose -k + 3*b = 5, -2*k + 3*b = 2*b - 5. Let g = -9 + k. Calculate p(g).
10
Let d(r) = r**2 - 5*r + 3. Suppose -20 = -0*b - 4*b. Suppose -b*l = 4 + 6. Let i be ((-5)/l)/(30/72). Calculate d(i).
9
Let t(u) = u. Let p(z) = -5*z - 4. Let o(f) = f + 1. Let g(k) = 3*o(k) + p(k). Let q(b) = -3*g(b) - 5*t(b). Let m be (3 - 1)/(9/18). Determine q(m).
7
Suppose 8 = 4*u + 4*y, 5*u - 2*y = -y + 4. Suppose t + 4 = -5*r, -5*r + 0 - u = 4*t. Let w(j) be the first derivative of -3*j**2/2 - 2. Determine w(r).
3
Let b be 879/293*((-20)/(-6))/2. Let z(r) be the third derivative of -r**6/120 + r**5/20 + r**4/4 - r**3/2 - 2*r**2. Give z(b).
-23
Suppose 0 = 4*g + 59 - 427. Let u(q) = -g + 0*q + 103 - q. Give u(10).
1
Let c = 1284 + -1277. Let h(o) = -2*o + 17. Determine h(c).
3
Let f(g) = -4*g**2 + 6*g - 1. Let x(k) = 12*k**2 - 16*k + 2. Let h(m) = 8*f(m) + 3*x(m). Give h(-3).
34
Let q(l) = 2*l**2 + 9618*l + 4 - 9612*l - l**2. Suppose -2*s - 6 - 4 = 0. Determine q(s).
-1
Let b(w) = 9*w - 1. Let f(r) = 10*r - 1. Let x(v) = 6*b(v) - 5*f(v). Let m(u) = -u**2 - 3*u + 2. Let d be m(-3). Let y = 3 - d. Calculate x(y).
3
Let d(n) = n - 7*n + 0*n + 10 + 4*n. Give d(6).
-2
Let w(u) = 15 - 3 - 6 + 8*u + 1 - 8. Give w(1).
7
Let c be 5/2*(1 - -1). Suppose c = 3*w + 2*w. Let u(p) = -6*p + 3*p - w + 5*p - 3*p**2 - p**2. Determine u(1).
-3
Suppose 3*x - q - 9 = -0*x, 0 = -3*x - 2*q. Let b be 2/x*(-2 + 8). Let i(z) = z**2 - 6*z - 2. Calculate i(b).
-2
Let h = 940 - 940. Let s(a) = -a**3 - a**2 + 11. Calculate s(h).
11
Let n(b) = b**2 - 7*b - 1. Let s = 180 - 173. What is n(s)?
-1
Let s(m) = 13*m**3 + m**2 + m - 1. Let y be s(-1). Let g = -15 - y. Let j(a) = -2*a**2 + a + 1. What is j(g)?
-2
Suppose 5*r + 3*k = 5*k + 16, -4*k = r - 12. Let y be (-3)/6 + 34/r. Let d be (-3)/12 - (-26)/y. Let b(v) = v - 3. Give b(d).
0
Let f(l) = 0 - 2*l**3 - 2*l + l**3 + 1 - 3*l**2. Suppose 0 = -4*u - 5*j - 27, 6 + 0 = -2*j. Calculate f(u).
7
Let u(f) be the third derivative of f**4/6 - f**3/3 + 23*f**2. What is u(-8)?
-34
Suppose -3*q - 6 = -6*q. Suppose 7*t = r + 3*t + 28, r + 34 = -q*t. Let f be r/(-144) + 58/(-18). Let p(m) = m**3 + 3*m**2 + 2*m + 4. Give p(f).
-2
Let r be (0 - -10)*(-24)/(-60). Let v(l) = l**2 + 2*l + 3. Determine v(r).
27
Let a(s) = -6*s + 7. Let f be 87/27 + 2 - (-2)/(-9). Give a(f).
-23
Let h = -1 - 0. Let s(i) = -i - 4*i - i + 1 + 3*i. Determine s(h).
4
Let y(t) = -3*t**2 + 3*t + 2. Let p(s) = 6*s**2 - 7*s - 5. Let x(z) = 3*p(z) + 7*y(z). Suppose -3*o = -10*o + 35. Suppose 6*a = a - o. Calculate x(a).
-4
Let i(q) = q + 6. Suppose x = 4*s + 22, 0 = 2*x - 5*x - 2*s + 10. Determine i(x).
12
Let y be (-6)/(-15) - (-154)/(-35). Let x(h) be the first derivative of h**2/2 - 3*h - 8. Calculate x(y).
-7
Let o(y) be the first derivative of y**2/2 - 16*y - 646. Give o(7).
-9
Suppose 4*d = -d + 10. Let b(u) = 1 + u**d - 1 - 6*u - 3 - 1. Suppose 3*o + 11 = 26. Determine b(o).
-9
Suppose 1 + 1 = 2*x. Suppose 6 = -10*s + 36. Let w(g) = -10 - 3*g + 2*g - x - s. Determine w(0).
-14
Let w(j) = j - 5. Suppose -4*v = 8, 4*v - v + 24 = 3*y. What is w(y)?
1
Let t(n) = 3*n**3 - 63*n**2 - 9*n + 62. Let u(g) = -g**3 + 20*g**2 + 3*g - 21. Let z(d) = -4*t(d) - 13*u(d). What is z(8)?
1
Let n(m) = -m**2 - 27 + 46 - 17 + 5*m. Calculate n(6).
-4
Let f(k) = -k**2 - 7*k + 13. Let r(o) = o**3 - 5*o**2 - 18*o + 19. Let n be r(7). Calculate f(n).
-5
Let n(u) = 19*u**2 + 3*u - 3. Suppose 15 = 11*a - 6*a + 5*t, -t = 4*a - 9. Give n(a).
79
Let v(g) = -4*g + 25. Let j(x) = x**3 + 6*x**2 + 5*x. Let f be j(-4). What is v(f)?
-23
Suppose 40*c = -86*c + 41*c. Suppose -3*p + 0*p = -2*f + 7, 5*p = 5*f - 15. Let n(h) = -h - 3*h**2 + h**2 + 5 + h**f. Give n(c).
5
Let g be (-2)/4*(-9 - -1). Let v(i) = -i**2 - 6*i. Let n(a) = 5*a**2 + 38*a - 4. Let d(y) = n(y) + 6*v(y). Determine d(g).
-12
Let v(n) = -2*n + 10. Let t = -15 + 20. Let s(o) = o**2 - 6*o + 12. Let g be s(t). What is v(g)?
-4
Suppose -18 = 2*o - 5*o. Let y(n) = 2 - o*n + 3 - 7. Determine y(-2).
10
Let b(u) = u**2 - 7*u + 1. Let l = -26 + 7. Let f = 25 + l. Calculate b(f).
-5
Let y(g) = -41*g. Let p(a) = 21*a. Let i(z) = 5*p(z) + 3*y(z). Give i(-2).
36
Let g = -118 + 120. Let o(q) = 3*q**2 - 7*q + 2. Let h(z) = -4*z**2 + 8*z - 3. Let m(b) = g*h(b) + 3*o(b). Give m(6).
6
Suppose 0 = -3*j + 3*z + 12, -3*j = 2*j + 4*z - 2. Suppose 2 = 5*i - 3*r - 13, 5*i = j*r + 20. Let v(h) = -h**2 + 6*h + 2. Calculate v(i).
2
Let w be (-14)/(-36)*(-6)/(-28) + 0. Let m(g) be the second derivative of w*g**4 + 2*g - g**2 + 0 - 5/6*g**3. What is m(4)?
-6
Let z(c) = -2*c + 8. Suppose 4*y - 4 - 8 = 0. Suppose -2*i - 2 = y*i + 4*m, -13 = -5*i + m. Let v(p) = p - 7. Let w(b) = i*z(b) + 3*v(b). Give w(-4).
-1
Let g be (-1 + 2 + 0)*2. Let y(c) = 5*c**3 - 4*c**3 + 1 - 8*c**g - 2*c + 8*c. Let n be 10 + 147 + -140 + (-8 + 0 - 2). What is y(n)?
-6
Suppose -5*z + 8 = -27. Let s be (z/2 + -2)*2. Let r(a) = a + 4 - 2*a + s. Calculate r(0).
7
Suppose -f + 5*f = -g + 24, 6 = 4*g - 2*f. Suppose -g*i - 42 + 58 = 0. Let a(b) = 4*b - 1. Calculate a(i).
15
Suppose -4*r + c - 4 = 0, -r + 6*r + 3*c + 22 = 0. Let j be (-36)/(-15) + (-3)/(-5). Let i(v) = v**j + 55 + 4*v - 53 + 5*v**2 - v**2. What is i(r)?
2
Let z(o) = -2*o**3 + 2*o**2 - 2*o - 2. Suppose 0*v = 3*v + 252. Let q be v/(-60) + 6/10. Calculate z(q).
-14
Let j = -66 + 38. Let b be (8/j)/((-2)/14). Let w(h) = -h**3 + 2*h + 1. Give w(b).
-3
Sup